{"id":1016,"date":"2013-04-03T16:07:49","date_gmt":"2013-04-03T16:07:49","guid":{"rendered":"http:\/\/www.kriesi.at\/themes\/enfold\/?page_id=1016"},"modified":"2020-05-30T00:22:41","modified_gmt":"2020-05-29T22:22:41","slug":"blog-single-author-full","status":"publish","type":"page","link":"https:\/\/bcc-seguros.pt\/index.php\/blog\/blog-single-author-full\/","title":{"rendered":"Blog Single Author Fullwidth"},"content":{"rendered":"<div  class='av-alb-blogposts template-blog  av-blog-meta-html-info-disabled '  itemscope=\"itemscope\" itemtype=\"https:\/\/schema.org\/Blog\" ><article class='post-entry post-entry-type-standard post-entry-3551 post-loop-1 post-parity-odd post-entry-last single-big with-slider post-3551 post type-post status-publish format-standard has-post-thumbnail hentry category-assurance-sante category-nouveaute'  itemscope=\"itemscope\" itemtype=\"https:\/\/schema.org\/BlogPosting\" ><div class='blog-meta'><\/div><div class='entry-content-wrapper clearfix standard-content'><header class=\"entry-content-header\"><div class=\"av-heading-wrapper\"><span class=\"blog-categories minor-meta\"><a href=\"https:\/\/bcc-seguros.pt\/index.php\/fr\/category\/assurance-sante\/\" rel=\"tag\">Assurance sant\u00e9<\/a>, <a href=\"https:\/\/bcc-seguros.pt\/index.php\/fr\/category\/nouveaute\/\" rel=\"tag\">Nouveaut\u00e9<\/a> <\/span><h2 class='post-title entry-title '  itemprop=\"headline\" >\t<a href='https:\/\/bcc-seguros.pt\/index.php\/fr\/2020\/05\/30\/complementaire-sante-one\/' rel='bookmark' title='Lien permanent : Compl\u00e9mentaire sant\u00e9 ONE'>Compl\u00e9mentaire sant\u00e9 ONE\t\t\t<span class='post-format-icon minor-meta'><\/span>\t<\/a><\/h2><\/div><\/header><span class=\"av-vertical-delimiter\"><\/span><div class=\"big-preview single-big\"><a href=\"https:\/\/bcc-seguros.pt\/index.php\/fr\/2020\/05\/30\/complementaire-sante-one\/\" title=\"Compl\u00e9mentaire snat\u00e9 ONE BCC Portugal\"><img width=\"1210\" height=\"423\" src=\"https:\/\/bcc-seguros.pt\/wp-content\/uploads\/2020\/05\/94951901_235484214530320_8237499454115020800_o-1210x423.png\" class=\"attachment-entry_without_sidebar size-entry_without_sidebar wp-post-image\" alt=\"header-one\" decoding=\"async\" loading=\"lazy\" \/><\/a><\/div><div class=\"entry-content\"  itemprop=\"text\" >\n<p><\/p>\n\n\n\n<p>Nous savons que vous l\u2019attendez et nous sommes maintenant pr\u00eat \u00e0 vous proposer notre nouvelle compl\u00e9mentaire sant\u00e9 ONE avec couverture compl\u00e8te en France et Portugal. <img decoding=\"async\" loading=\"lazy\" src=\"https:\/\/www.facebook.com\/images\/emoji.php\/v9\/t32\/3\/16\/1f1eb_1f1f7.png\" alt=\"\ud83c\uddeb\ud83c\uddf7\" width=\"16\" height=\"16\"><img decoding=\"async\" loading=\"lazy\" src=\"https:\/\/www.facebook.com\/images\/emoji.php\/v9\/ta6\/3\/16\/1f1f5_1f1f9.png\" alt=\"\ud83c\uddf5\ud83c\uddf9\" width=\"16\" height=\"16\"><\/p>\n\n\n\n<p>&#8211; Une seule protection sant\u00e9 pour \u00eatre couvert dans les 2 pays <br>&#8211; La t\u00e9l\u00e9consultation 24h\/24 et 7j\/7<img decoding=\"async\" loading=\"lazy\" src=\"https:\/\/www.facebook.com\/images\/emoji.php\/v9\/t5b\/3\/16\/1f469_200d_2695.png\" alt=\"\ud83d\udc69\u200d\u2695\ufe0f\" width=\"16\" height=\"16\"><br>&#8211; 6 niveaux de garanties au choix <img decoding=\"async\" loading=\"lazy\" src=\"https:\/\/www.facebook.com\/images\/emoji.php\/v9\/td5\/3\/16\/1f9b8_200d_2642.png\" alt=\"\ud83e\uddb8\u200d\u2642\ufe0f\" width=\"16\" height=\"16\"><br>&#8211; Une \u00e9quipe bilingue <img decoding=\"async\" loading=\"lazy\" src=\"https:\/\/www.facebook.com\/images\/emoji.php\/v9\/t8b\/3\/16\/1f4de.png\" alt=\"\ud83d\udcde\" width=\"16\" height=\"16\"> <\/p>\n\n\n\n<p>Tout au long du mois de mai d\u00e9couvrez les nombreux avantages de la compl\u00e9mentaire ONE. <br>C\u2019est l\u2019assurance d\u2019une protection compl\u00e9mentaire sant\u00e9 o\u00f9 que vous soyez <img decoding=\"async\" loading=\"lazy\" src=\"https:\/\/www.facebook.com\/images\/emoji.php\/v9\/t7d\/3\/16\/1f30d.png\" alt=\"\ud83c\udf0d\" width=\"16\" height=\"16\"> !<\/p>\n\n\n\n<p>Vous pouvez d\u00e8s aujourd\u2019hui recevoir plus d\u2019informations sur notre compl\u00e9metaire sant\u00e9 et obtenir un devis en prenant contact avec notre \u00e9quipe :<\/p>\n\n\n\n<p><img decoding=\"async\" loading=\"lazy\" src=\"https:\/\/www.facebook.com\/images\/emoji.php\/v9\/t24\/3\/16\/260e.png\" alt=\"\u260e\ufe0f\" width=\"16\" height=\"16\"> Par t\u00e9l\u00e9phone : +351 289 591 161 ou au +33 3 73 64 00 16<br><img decoding=\"async\" loading=\"lazy\" src=\"https:\/\/www.facebook.com\/images\/emoji.php\/v9\/tfc\/3\/16\/1f4e7.png\" alt=\"\ud83d\udce7\" width=\"16\" height=\"16\"> Par mail : contact@bcc-seguros.pt<\/p>\n\n\n\n<p>Notre agence est actuellement ferm\u00e9e en raison du COVID-19, mais nous vous retrouvons tr\u00e8s vite autour d\u2019un caf\u00e9 <img decoding=\"async\" loading=\"lazy\" src=\"https:\/\/www.facebook.com\/images\/emoji.php\/v9\/t93\/3\/16\/2615.png\" alt=\"\u2615\ufe0f\" width=\"16\" height=\"16\"> au 136, avenida Liberdade \u00e0 Albufeira<br>A bient\u00f4t<\/p>\n<\/div><span class='post-meta-infos'><time class='date-container minor-meta updated' >30 mai 2020<\/time><span class='text-sep text-sep-date'>\/<\/span><span class=\"blog-author minor-meta\">par <span class=\"entry-author-link\" ><span class=\"vcard author\"><span class=\"fn\"><a href=\"https:\/\/bcc-seguros.pt\/index.php\/author\/m-creation\/\" title=\"Articles par BCC\" rel=\"author\">BCC<\/a><\/span><\/span><\/span><\/span><\/span><footer class=\"entry-footer\"><\/footer><div class='post_delimiter'><\/div><\/div><div class='post_author_timeline'><\/div><span class='hidden'>\n\t\t\t<span class='av-structured-data'  itemprop=\"image\" itemscope=\"itemscope\" itemtype=\"https:\/\/schema.org\/ImageObject\"  itemprop='image'>\n\t\t\t\t\t   <span itemprop='url' >https:\/\/bcc-seguros.pt\/wp-content\/uploads\/2020\/05\/94951901_235484214530320_8237499454115020800_o.png<\/span>\n\t\t\t\t\t   <span itemprop='height' >606<\/span>\n\t\t\t\t\t   <span itemprop='width' >1513<\/span>\n\t\t\t\t  <\/span><span class='av-structured-data'  itemprop=\"publisher\" itemtype=\"https:\/\/schema.org\/Organization\" itemscope=\"itemscope\" >\n\t\t\t\t<span itemprop='name'>BCC<\/span>\n\t\t\t\t<span itemprop='logo' itemscope itemtype='https:\/\/schema.org\/ImageObject'>\n\t\t\t\t   <span itemprop='url'>http:\/\/bcc-seguros.pt\/wp-content\/uploads\/2019\/10\/Logo_BCCPT-300x98-1-300x98.png<\/span>\n\t\t\t\t <\/span>\n\t\t\t  <\/span><span class='av-structured-data'  itemprop=\"author\" itemscope=\"itemscope\" itemtype=\"https:\/\/schema.org\/Person\" ><span itemprop='name'>BCC<\/span><\/span><span class='av-structured-data'  itemprop=\"datePublished\" datetime=\"2020-05-30T00:09:20+02:00\" >2020-05-30 00:09:20<\/span><span class='av-structured-data'  itemprop=\"dateModified\" itemtype=\"https:\/\/schema.org\/dateModified\" >2021-10-08 13:23:23<\/span><span class='av-structured-data'  itemprop=\"mainEntityOfPage\" itemtype=\"https:\/\/schema.org\/mainEntityOfPage\" ><span itemprop='name'>Compl\u00e9mentaire sant\u00e9 ONE<\/span><\/span><\/span><\/article><div class='single-big'><\/div><\/div>\n","protected":false},"excerpt":{"rendered":"","protected":false},"author":2,"featured_media":0,"parent":731,"menu_order":0,"comment_status":"open","ping_status":"open","template":"","meta":{"_monsterinsights_skip_tracking":false,"_monsterinsights_sitenote_active":false,"_monsterinsights_sitenote_note":"","_monsterinsights_sitenote_category":0},"_links":{"self":[{"href":"https:\/\/bcc-seguros.pt\/index.php\/wp-json\/wp\/v2\/pages\/1016"}],"collection":[{"href":"https:\/\/bcc-seguros.pt\/index.php\/wp-json\/wp\/v2\/pages"}],"about":[{"href":"https:\/\/bcc-seguros.pt\/index.php\/wp-json\/wp\/v2\/types\/page"}],"author":[{"embeddable":true,"href":"https:\/\/bcc-seguros.pt\/index.php\/wp-json\/wp\/v2\/users\/2"}],"replies":[{"embeddable":true,"href":"https:\/\/bcc-seguros.pt\/index.php\/wp-json\/wp\/v2\/comments?post=1016"}],"version-history":[{"count":1,"href":"https:\/\/bcc-seguros.pt\/index.php\/wp-json\/wp\/v2\/pages\/1016\/revisions"}],"predecessor-version":[{"id":3516,"href":"https:\/\/bcc-seguros.pt\/index.php\/wp-json\/wp\/v2\/pages\/1016\/revisions\/3516"}],"up":[{"embeddable":true,"href":"https:\/\/bcc-seguros.pt\/index.php\/wp-json\/wp\/v2\/pages\/731"}],"wp:attachment":[{"href":"https:\/\/bcc-seguros.pt\/index.php\/wp-json\/wp\/v2\/media?parent=1016"}],"curies":[{"name":"wp","href":"https:\/\/api.w.org\/{rel}","templated":true}]}}